{"id":215,"date":"2021-10-15T21:57:19","date_gmt":"2021-10-15T18:57:19","guid":{"rendered":"http:\/\/www.perspektifgrup.com\/?post_type=projeler&#038;p=215"},"modified":"2023-01-17T16:06:24","modified_gmt":"2023-01-17T13:06:24","slug":"ege-perla-avm","status":"publish","type":"projeler","link":"https:\/\/www.perspektifgrup.com\/en\/projeler\/ege-perla-avm\/","title":{"rendered":"Ege Perla Mall"},"content":{"rendered":"<p>The Ege PERLA mixed use project designed by \u0130\u015f Gayrimenkul Yat\u0131r\u0131m Ortakl\u0131\u011f\u0131 A.\u015e. in Konak Izmir as a shopping, business and living center with about 26,000 m\u00b2 in leasable space, includes select shops in a semi open architecture. The project includes homes and offices in different sizes from 1+1 to 5+1 executive and different types with a spectacular view of the bay in addition to the shops. The design of Ege Perla, the first mixed project in the region, was done by Emre Arolat with inspiration from a traditional life style.<\/p>\n<p>In the scope of this mall project the turnkey delivery decoration, detailed structure plumbing work and fitout technical support works were undertaken by our company.<\/p>","protected":false},"featured_media":0,"template":"","isverenler":[9],"gorevler":[56,55,54],"proje-tipleri":[7],"grup-sirketleri":[4],"acf":[],"yoast_head":"<!-- This site is optimized with the Yoast SEO plugin v19.7.2 - https:\/\/yoast.com\/wordpress\/plugins\/seo\/ -->\r\n<title>Ege Perla Mall - Perspektif Group<\/title>\r\n<meta name=\"robots\" content=\"index, follow, max-snippet:-1, max-image-preview:large, max-video-preview:-1\" \/>\r\n<link rel=\"canonical\" href=\"http:\/\/www.perspektifgrup.com\/en\/projeler\/ege-perla-avm\/\" \/>\r\n<meta property=\"og:locale\" content=\"en_US\" \/>\r\n<meta property=\"og:type\" content=\"article\" \/>\r\n<meta property=\"og:title\" content=\"Ege Perla Mall - Perspektif Group\" \/>\r\n<meta property=\"og:description\" content=\"The Ege PERLA mixed use project designed by \u0130\u015f Gayrimenkul Yat\u0131r\u0131m Ortakl\u0131\u011f\u0131 A.\u015e. in Konak Izmir as a shopping, business and living center with about 26,000 m\u00b2 in leasable space, includes select shops in a semi open architecture. The project includes homes and offices in different sizes from 1+1 to 5+1 executive and different types [&hellip;]\" \/>\r\n<meta property=\"og:url\" content=\"http:\/\/www.perspektifgrup.com\/projeler\/ege-perla-avm\/\" \/>\r\n<meta property=\"og:site_name\" content=\"Perspektif Group\" \/>\r\n<meta property=\"article:modified_time\" content=\"2023-01-17T13:06:24+00:00\" \/>\r\n<meta name=\"twitter:card\" content=\"summary_large_image\" \/>\r\n<meta name=\"twitter:label1\" content=\"Est. reading time\" \/>\n\t<meta name=\"twitter:data1\" content=\"1 minute\" \/>\r\n<script type=\"application\/ld+json\" class=\"yoast-schema-graph\">{\"@context\":\"https:\/\/schema.org\",\"@graph\":[{\"@type\":\"WebPage\",\"@id\":\"http:\/\/www.perspektifgrup.com\/projeler\/ege-perla-avm\/\",\"url\":\"http:\/\/www.perspektifgrup.com\/projeler\/ege-perla-avm\/\",\"name\":\"Ege Perla Mall - Perspektif Group\",\"isPartOf\":{\"@id\":\"http:\/\/www.perspektifgrup.com\/en\/#website\"},\"datePublished\":\"2021-10-15T18:57:19+00:00\",\"dateModified\":\"2023-01-17T13:06:24+00:00\",\"breadcrumb\":{\"@id\":\"http:\/\/www.perspektifgrup.com\/projeler\/ege-perla-avm\/#breadcrumb\"},\"inLanguage\":\"en-US\",\"potentialAction\":[{\"@type\":\"ReadAction\",\"target\":[\"http:\/\/www.perspektifgrup.com\/projeler\/ege-perla-avm\/\"]}]},{\"@type\":\"BreadcrumbList\",\"@id\":\"http:\/\/www.perspektifgrup.com\/projeler\/ege-perla-avm\/#breadcrumb\",\"itemListElement\":[{\"@type\":\"ListItem\",\"position\":1,\"name\":\"Home\",\"item\":\"http:\/\/www.perspektifgrup.com\/en\/\"},{\"@type\":\"ListItem\",\"position\":2,\"name\":\"Projects\",\"item\":\"#\"},{\"@type\":\"ListItem\",\"position\":3,\"name\":\"Perspektif Yap\u0131\"}]},{\"@type\":\"WebSite\",\"@id\":\"http:\/\/www.perspektifgrup.com\/en\/#website\",\"url\":\"http:\/\/www.perspektifgrup.com\/en\/\",\"name\":\"Perspektif Group\",\"description\":\"\",\"publisher\":{\"@id\":\"http:\/\/www.perspektifgrup.com\/en\/#organization\"},\"potentialAction\":[{\"@type\":\"SearchAction\",\"target\":{\"@type\":\"EntryPoint\",\"urlTemplate\":\"http:\/\/www.perspektifgrup.com\/en\/?s={search_term_string}\"},\"query-input\":\"required name=search_term_string\"}],\"inLanguage\":\"en-US\"},{\"@type\":\"Organization\",\"@id\":\"http:\/\/www.perspektifgrup.com\/en\/#organization\",\"name\":\"Perspektif Grup\",\"url\":\"http:\/\/www.perspektifgrup.com\/en\/\",\"sameAs\":[],\"logo\":{\"@type\":\"ImageObject\",\"inLanguage\":\"en-US\",\"@id\":\"http:\/\/www.perspektifgrup.com\/en\/#\/schema\/logo\/image\/\",\"url\":\"http:\/\/www.perspektifgrup.com\/wp-content\/uploads\/logo-perspektif-group.png\",\"contentUrl\":\"http:\/\/www.perspektifgrup.com\/wp-content\/uploads\/logo-perspektif-group.png\",\"width\":233,\"height\":59,\"caption\":\"Perspektif Grup\"},\"image\":{\"@id\":\"http:\/\/www.perspektifgrup.com\/en\/#\/schema\/logo\/image\/\"}}]}<\/script>\r\n<!-- \/ Yoast SEO plugin. -->","yoast_head_json":{"title":"Ege Perla Mall - Perspektif Group","robots":{"index":"index","follow":"follow","max-snippet":"max-snippet:-1","max-image-preview":"max-image-preview:large","max-video-preview":"max-video-preview:-1"},"canonical":"http:\/\/www.perspektifgrup.com\/en\/projeler\/ege-perla-avm\/","og_locale":"en_US","og_type":"article","og_title":"Ege Perla Mall - Perspektif Group","og_description":"The Ege PERLA mixed use project designed by \u0130\u015f Gayrimenkul Yat\u0131r\u0131m Ortakl\u0131\u011f\u0131 A.\u015e. in Konak Izmir as a shopping, business and living center with about 26,000 m\u00b2 in leasable space, includes select shops in a semi open architecture. The project includes homes and offices in different sizes from 1+1 to 5+1 executive and different types [&hellip;]","og_url":"http:\/\/www.perspektifgrup.com\/projeler\/ege-perla-avm\/","og_site_name":"Perspektif Group","article_modified_time":"2023-01-17T13:06:24+00:00","twitter_card":"summary_large_image","twitter_misc":{"Est. reading time":"1 minute"},"schema":{"@context":"https:\/\/schema.org","@graph":[{"@type":"WebPage","@id":"http:\/\/www.perspektifgrup.com\/projeler\/ege-perla-avm\/","url":"http:\/\/www.perspektifgrup.com\/projeler\/ege-perla-avm\/","name":"Ege Perla Mall - Perspektif Group","isPartOf":{"@id":"http:\/\/www.perspektifgrup.com\/en\/#website"},"datePublished":"2021-10-15T18:57:19+00:00","dateModified":"2023-01-17T13:06:24+00:00","breadcrumb":{"@id":"http:\/\/www.perspektifgrup.com\/projeler\/ege-perla-avm\/#breadcrumb"},"inLanguage":"en-US","potentialAction":[{"@type":"ReadAction","target":["http:\/\/www.perspektifgrup.com\/projeler\/ege-perla-avm\/"]}]},{"@type":"BreadcrumbList","@id":"http:\/\/www.perspektifgrup.com\/projeler\/ege-perla-avm\/#breadcrumb","itemListElement":[{"@type":"ListItem","position":1,"name":"Home","item":"http:\/\/www.perspektifgrup.com\/en\/"},{"@type":"ListItem","position":2,"name":"Projects","item":"#"},{"@type":"ListItem","position":3,"name":"Perspektif Yap\u0131"}]},{"@type":"WebSite","@id":"http:\/\/www.perspektifgrup.com\/en\/#website","url":"http:\/\/www.perspektifgrup.com\/en\/","name":"Perspektif Group","description":"","publisher":{"@id":"http:\/\/www.perspektifgrup.com\/en\/#organization"},"potentialAction":[{"@type":"SearchAction","target":{"@type":"EntryPoint","urlTemplate":"http:\/\/www.perspektifgrup.com\/en\/?s={search_term_string}"},"query-input":"required name=search_term_string"}],"inLanguage":"en-US"},{"@type":"Organization","@id":"http:\/\/www.perspektifgrup.com\/en\/#organization","name":"Perspektif Grup","url":"http:\/\/www.perspektifgrup.com\/en\/","sameAs":[],"logo":{"@type":"ImageObject","inLanguage":"en-US","@id":"http:\/\/www.perspektifgrup.com\/en\/#\/schema\/logo\/image\/","url":"http:\/\/www.perspektifgrup.com\/wp-content\/uploads\/logo-perspektif-group.png","contentUrl":"http:\/\/www.perspektifgrup.com\/wp-content\/uploads\/logo-perspektif-group.png","width":233,"height":59,"caption":"Perspektif Grup"},"image":{"@id":"http:\/\/www.perspektifgrup.com\/en\/#\/schema\/logo\/image\/"}}]}},"_links":{"self":[{"href":"https:\/\/www.perspektifgrup.com\/en\/wp-json\/wp\/v2\/projeler\/215"}],"collection":[{"href":"https:\/\/www.perspektifgrup.com\/en\/wp-json\/wp\/v2\/projeler"}],"about":[{"href":"https:\/\/www.perspektifgrup.com\/en\/wp-json\/wp\/v2\/types\/projeler"}],"wp:attachment":[{"href":"https:\/\/www.perspektifgrup.com\/en\/wp-json\/wp\/v2\/media?parent=215"}],"wp:term":[{"taxonomy":"isverenler","embeddable":true,"href":"https:\/\/www.perspektifgrup.com\/en\/wp-json\/wp\/v2\/isverenler?post=215"},{"taxonomy":"gorevler","embeddable":true,"href":"https:\/\/www.perspektifgrup.com\/en\/wp-json\/wp\/v2\/gorevler?post=215"},{"taxonomy":"proje-tipleri","embeddable":true,"href":"https:\/\/www.perspektifgrup.com\/en\/wp-json\/wp\/v2\/proje-tipleri?post=215"},{"taxonomy":"grup-sirketleri","embeddable":true,"href":"https:\/\/www.perspektifgrup.com\/en\/wp-json\/wp\/v2\/grup-sirketleri?post=215"}],"curies":[{"name":"wp","href":"https:\/\/api.w.org\/{rel}","templated":true}]}}

<p>The Ege PERLA mixed use project designed by İş Gayrimenkul Yatırım Ortaklığı A.Ş. in Konak Izmir as a shopping, business and living center with about 26,000 m² in leasable space, includes select shops in a semi open architecture. The project includes homes and offices in different sizes from 1+1 to 5+1 executive and different types with a spectacular view of the bay in addition to the shops. The design of Ege Perla, the first mixed project in the region, was done by Emre Arolat with inspiration from a traditional life style.</p>
<p>In the scope of this mall project the turnkey delivery decoration, detailed structure plumbing work and fitout technical support works were undertaken by our company.</p>

<!-- This site is optimized with the Yoast SEO plugin v19.7.2 - https://yoast.com/wordpress/plugins/seo/ -->
<title>Ege Perla Mall - Perspektif Group</title>
<meta name="robots" content="index, follow, max-snippet:-1, max-image-preview:large, max-video-preview:-1" />
<link rel="canonical" href="http://www.perspektifgrup.com/en/projeler/ege-perla-avm/" />
<meta property="og:locale" content="en_US" />
<meta property="og:type" content="article" />
<meta property="og:title" content="Ege Perla Mall - Perspektif Group" />
<meta property="og:description" content="The Ege PERLA mixed use project designed by İş Gayrimenkul Yatırım Ortaklığı A.Ş. in Konak Izmir as a shopping, business and living center with about 26,000 m² in leasable space, includes select shops in a semi open architecture. The project includes homes and offices in different sizes from 1+1 to 5+1 executive and different types [&hellip;]" />
<meta property="og:url" content="http://www.perspektifgrup.com/projeler/ege-perla-avm/" />
<meta property="og:site_name" content="Perspektif Group" />
<meta property="article:modified_time" content="2023-01-17T13:06:24+00:00" />
<meta name="twitter:card" content="summary_large_image" />
<meta name="twitter:label1" content="Est. reading time" />
	<meta name="twitter:data1" content="1 minute" />
<script type="application/ld+json" class="yoast-schema-graph">{"@context":"https://schema.org","@graph":[{"@type":"WebPage","@id":"http://www.perspektifgrup.com/projeler/ege-perla-avm/","url":"http://www.perspektifgrup.com/projeler/ege-perla-avm/","name":"Ege Perla Mall - Perspektif Group","isPartOf":{"@id":"http://www.perspektifgrup.com/en/#website"},"datePublished":"2021-10-15T18:57:19+00:00","dateModified":"2023-01-17T13:06:24+00:00","breadcrumb":{"@id":"http://www.perspektifgrup.com/projeler/ege-perla-avm/#breadcrumb"},"inLanguage":"en-US","potentialAction":[{"@type":"ReadAction","target":["http://www.perspektifgrup.com/projeler/ege-perla-avm/"]}]},{"@type":"BreadcrumbList","@id":"http://www.perspektifgrup.com/projeler/ege-perla-avm/#breadcrumb","itemListElement":[{"@type":"ListItem","position":1,"name":"Home","item":"http://www.perspektifgrup.com/en/"},{"@type":"ListItem","position":2,"name":"Projects","item":"#"},{"@type":"ListItem","position":3,"name":"Perspektif Yapı"}]},{"@type":"WebSite","@id":"http://www.perspektifgrup.com/en/#website","url":"http://www.perspektifgrup.com/en/","name":"Perspektif Group","description":"","publisher":{"@id":"http://www.perspektifgrup.com/en/#organization"},"potentialAction":[{"@type":"SearchAction","target":{"@type":"EntryPoint","urlTemplate":"http://www.perspektifgrup.com/en/?s={search_term_string}"},"query-input":"required name=search_term_string"}],"inLanguage":"en-US"},{"@type":"Organization","@id":"http://www.perspektifgrup.com/en/#organization","name":"Perspektif Grup","url":"http://www.perspektifgrup.com/en/","sameAs":[],"logo":{"@type":"ImageObject","inLanguage":"en-US","@id":"http://www.perspektifgrup.com/en/#/schema/logo/image/","url":"http://www.perspektifgrup.com/wp-content/uploads/logo-perspektif-group.png","contentUrl":"http://www.perspektifgrup.com/wp-content/uploads/logo-perspektif-group.png","width":233,"height":59,"caption":"Perspektif Grup"},"image":{"@id":"http://www.perspektifgrup.com/en/#/schema/logo/image/"}}]}</script>
<!-- / Yoast SEO plugin. -->

The Ege PERLA mixed use project designed by İş Gayrimenkul Yatırım Ortaklığı A.Ş. in Konak Izmir as a shopping, business and living center with about 26,000 m² in leasable space, includes select shops in a semi open architecture. The project includes homes and offices in different sizes from 1+1 to 5+1 executive and different types [&hellip;]

Perspektif Yapı
